{"id":56,"date":"2017-07-20T12:35:22","date_gmt":"2017-07-20T12:35:22","guid":{"rendered":"http:\/\/schneesportschule-wiesele-zuers.com\/?page_id=56"},"modified":"2024-11-18T13:40:17","modified_gmt":"2024-11-18T13:40:17","slug":"variantenabfahrten","status":"publish","type":"page","link":"http:\/\/schneesportschule-wiesele-zuers.com\/?page_id=56","title":{"rendered":"Variantenabfahrten"},"content":{"rendered":"<h2><span style=\"color: #999999;\"><strong>Zahlreiche sch\u00f6ne Gel\u00e4ndeabfahrten<\/strong><\/span><\/h2>\n<h2><span style=\"color: #999999;\"><strong>abseits der Skipisten zeichnen das <\/strong><\/span><\/h2>\n<h2><span style=\"color: #999999;\"><strong>Skigebiet lech &#8211; Z\u00fcrs und den <a href=\"http:\/\/schneesportschule-wiesele-zuers.com\/wp-content\/uploads\/2017\/06\/patagonia-logo2-e1498838350381.jpg\"><img loading=\"lazy\" class=\"wp-image-106 alignright\" src=\"http:\/\/schneesportschule-wiesele-zuers.com\/wp-content\/uploads\/2017\/06\/patagonia-logo2-300x147.jpg\" alt=\"\" width=\"207\" height=\"101\"><\/a><\/strong><\/span><\/h2>\n<h2><span style=\"color: #999999;\"><strong>gesamten Arlberg so richtig aus.<\/strong><\/span><\/h2>\n<h2><span style=\"color: #999999;\">Skifahren abseits der Skipisten wird mit<\/span><\/h2>\n<h2><span style=\"color: #999999;\">einer verbesserten Skitechnik belohnt.<\/span><\/h2>\n<h2><a href=\"http:\/\/schneesportschule-wiesele-zuers.com\/wp-content\/uploads\/2017\/06\/Aufzeichnen.jpg\"><img loading=\"lazy\" class=\"alignnone size-full wp-image-96\" src=\"http:\/\/schneesportschule-wiesele-zuers.com\/wp-content\/uploads\/2017\/06\/Aufzeichnen.jpg\" alt=\"\" width=\"283\" height=\"63\"><\/a><\/h2>\n<h2><span style=\"color: #999999;\"><strong>Various amazing off pist runs are one<\/strong><\/span><\/h2>\n<h2><span style=\"color: #999999;\"><strong>of the great specials of the Lech &#8211; Z\u00fcrs<\/strong><\/span><\/h2>\n<h2><span style=\"color: #999999;\"><strong>ski area. An irreplaceable feeling<\/strong><\/span><\/h2>\n<h2><span style=\"color: #999999;\"><strong>of freedom! \ud83d\ude42 Skiing off the slopes<\/strong><\/span><\/h2>\n<h2><span style=\"color: #999999;\">is provided with an improved<\/span><\/h2>\n<h2><span style=\"color: #999999;\">ski technique players.<a href=\"http:\/\/schneesportschule-wiesele-zuers.com\/wp-content\/uploads\/2017\/07\/supi.jpg\"><img loading=\"lazy\" class=\"size-medium wp-image-247 alignright\" src=\"http:\/\/schneesportschule-wiesele-zuers.com\/wp-content\/uploads\/2017\/07\/supi-202x300.jpg\" alt=\"\" width=\"202\" height=\"300\" srcset=\"http:\/\/schneesportschule-wiesele-zuers.com\/wp-content\/uploads\/2017\/07\/supi-202x300.jpg 202w, http:\/\/schneesportschule-wiesele-zuers.com\/wp-content\/uploads\/2017\/07\/supi-768x1139.jpg 768w, http:\/\/schneesportschule-wiesele-zuers.com\/wp-content\/uploads\/2017\/07\/supi-690x1024.jpg 690w, http:\/\/schneesportschule-wiesele-zuers.com\/wp-content\/uploads\/2017\/07\/supi-624x925.jpg 624w, http:\/\/schneesportschule-wiesele-zuers.com\/wp-content\/uploads\/2017\/07\/supi.jpg 772w\" sizes=\"(max-width: 202px) 100vw, 202px\" \/><\/a><\/span><\/h2>\n<blockquote>\n<h2><span style=\"color: #999999;\"><a href=\"http:\/\/schneesportschule-wiesele-zuers.com\/wp-content\/uploads\/2017\/07\/IMGP0067-1.jpg\"><img loading=\"lazy\" class=\"alignnone size-medium wp-image-259\" src=\"http:\/\/schneesportschule-wiesele-zuers.com\/wp-content\/uploads\/2017\/07\/IMGP0067-1-300x193.jpg\" alt=\"\" width=\"300\" height=\"193\" srcset=\"http:\/\/schneesportschule-wiesele-zuers.com\/wp-content\/uploads\/2017\/07\/IMGP0067-1-300x193.jpg 300w, http:\/\/schneesportschule-wiesele-zuers.com\/wp-content\/uploads\/2017\/07\/IMGP0067-1-768x493.jpg 768w, http:\/\/schneesportschule-wiesele-zuers.com\/wp-content\/uploads\/2017\/07\/IMGP0067-1-1024x658.jpg 1024w, http:\/\/schneesportschule-wiesele-zuers.com\/wp-content\/uploads\/2017\/07\/IMGP0067-1-624x401.jpg 624w\" sizes=\"(max-width: 300px) 100vw, 300px\" \/><\/a><\/span><\/h2>\n<\/blockquote>\n\n\n<figure class=\"wp-block-image size-large\"><a href=\"http:\/\/schneesportschule-wiesele-zuers.com\/wp-content\/uploads\/2024\/11\/E32FB32C-A6FB-4E61-85FD-AD973B6BB628-scaled.jpeg\"><img loading=\"lazy\" width=\"768\" height=\"1024\" src=\"http:\/\/schneesportschule-wiesele-zuers.com\/wp-content\/uploads\/2024\/11\/E32FB32C-A6FB-4E61-85FD-AD973B6BB628-768x1024.jpeg\" alt=\"\" class=\"wp-image-472\" srcset=\"http:\/\/schneesportschule-wiesele-zuers.com\/wp-content\/uploads\/2024\/11\/E32FB32C-A6FB-4E61-85FD-AD973B6BB628-768x1024.jpeg 768w, http:\/\/schneesportschule-wiesele-zuers.com\/wp-content\/uploads\/2024\/11\/E32FB32C-A6FB-4E61-85FD-AD973B6BB628-225x300.jpeg 225w, http:\/\/schneesportschule-wiesele-zuers.com\/wp-content\/uploads\/2024\/11\/E32FB32C-A6FB-4E61-85FD-AD973B6BB628-1152x1536.jpeg 1152w, http:\/\/schneesportschule-wiesele-zuers.com\/wp-content\/uploads\/2024\/11\/E32FB32C-A6FB-4E61-85FD-AD973B6BB628-1536x2048.jpeg 1536w, http:\/\/schneesportschule-wiesele-zuers.com\/wp-content\/uploads\/2024\/11\/E32FB32C-A6FB-4E61-85FD-AD973B6BB628-scaled.jpeg 1920w\" sizes=\"(max-width: 768px) 100vw, 768px\" \/><\/a><\/figure>\n","protected":false},"excerpt":{"rendered":"<p>Zahlreiche sch\u00f6ne Gel\u00e4ndeabfahrten abseits der Skipisten zeichnen das Skigebiet lech &#8211; Z\u00fcrs und den gesamten Arlberg so richtig aus. Skifahren abseits der Skipisten wird mit einer verbesserten Skitechnik belohnt. Various amazing off pist runs are one of the great specials &hellip; <a href=\"http:\/\/schneesportschule-wiesele-zuers.com\/?page_id=56\">Weiterlesen <span class=\"meta-nav\">&rarr;<\/span><\/a><\/p>\n","protected":false},"author":1,"featured_media":0,"parent":0,"menu_order":4,"comment_status":"closed","ping_status":"closed","template":"","meta":[],"_links":{"self":[{"href":"http:\/\/schneesportschule-wiesele-zuers.com\/index.php?rest_route=\/wp\/v2\/pages\/56"}],"collection":[{"href":"http:\/\/schneesportschule-wiesele-zuers.com\/index.php?rest_route=\/wp\/v2\/pages"}],"about":[{"href":"http:\/\/schneesportschule-wiesele-zuers.com\/index.php?rest_route=\/wp\/v2\/types\/page"}],"author":[{"embeddable":true,"href":"http:\/\/schneesportschule-wiesele-zuers.com\/index.php?rest_route=\/wp\/v2\/users\/1"}],"replies":[{"embeddable":true,"href":"http:\/\/schneesportschule-wiesele-zuers.com\/index.php?rest_route=%2Fwp%2Fv2%2Fcomments&post=56"}],"version-history":[{"count":8,"href":"http:\/\/schneesportschule-wiesele-zuers.com\/index.php?rest_route=\/wp\/v2\/pages\/56\/revisions"}],"predecessor-version":[{"id":473,"href":"http:\/\/schneesportschule-wiesele-zuers.com\/index.php?rest_route=\/wp\/v2\/pages\/56\/revisions\/473"}],"wp:attachment":[{"href":"http:\/\/schneesportschule-wiesele-zuers.com\/index.php?rest_route=%2Fwp%2Fv2%2Fmedia&parent=56"}],"curies":[{"name":"wp","href":"https:\/\/api.w.org\/{rel}","templated":true}]}}